/(2/(-2)))/(-1). What is the remainder when (-680)/b + k/2 is divided by 22?
20
Suppose d + 2 = -3*s - 4, 5*d + 4*s - 3 = 0. Suppose -k = -x + d + 6, -x = k - 19. Calculate the remainder when 39 is divided by x.
11
Suppose -3*v = -25 - 32. What is the remainder when 73 is divided by v?
16
Let j(i) = 14*i**2 - 2*i + 1. Suppose 0*s = 2*s + 6. What is the remainder when 3/(s/(-37)) - 0 is divided by j(1)?
11
Let t(l) = 48*l**2 - 2*l + 1. Suppose -2*g = -10, -5*h - 2*g = 1 + 74. Let s = h - -29. What is the remainder when t(1) is divided by s?
11
Let a = -29 + 41. Let o(f) = -f**2 - f + 4. Let n be o(0). Suppose -3*g + 62 = -n. Calculate the remainder when g is divided by a.
10
Let g(b) = b**2 + 9*b - 5. Let o be g(-10). Suppose 3*r = o*r - 10, -2*r + 9 = p. What is the remainder when ((-200)/(-15))/(p/(-3)) is divided by 14?
12
Let j = -12 + 12. Let m = j + 2. Suppose 10 = -5*v, c - 5*v - 6 = 2*c. What is the remainder when c is divided by m?
0
Let l(x) = -6 + 2 + x - 3*x + x**2 - x. Calculate the remainder when 28 is divided by l(-2).
4
Suppose -3*t = -5*t - 10. Let o(i) be the second derivative of -i**3/3 - 2*i**2 + i. Calculate the remainder when o(t) is divided by 3.
0
Suppose 1 - 22 = -2*b - 3*w, -2*w + 19 = 3*b. Suppose -b*y + 14 = -58. Suppose 0 = -4*c + 23 + 13. Calculate the remainder when y is divided by c.
6
Suppose 3*l - 2*r = 59, -2*r - 76 = -4*l + 2*r. Let s = 80 + -36. Suppose -5*f + f = -s. What is the remainder when l is divided by f?
10
Suppose 4 = -4*j, 0*q - 5*j + 5 = q. Suppose 3*n = 5*t + 10, -28 = -5*n - 2*t - t. Let c(w) = -w**2 + 7*w - 6. What is the remainder when q is divided by c(n)?
2
Let s = -12 + 17. Calculate the remainder when 31 is divided by (4 - (-3)/(-3)) + s.
7
Let w = 42 - 35. What is the remainder when 12 is divided by w?
5
Calculate the remainder when 38 is divided by -6*-10*2/12.
8
Suppose 4*i - 5*w - 62 = i, -2*w - 106 = -4*i. Let y(n) = -2*n**2 + n - 1. Let l be y(1). What is the remainder when i is divided by (-3)/l*(-40)/(-6)?
9
Suppose 3*r - 121 = -11*g + 6*g, -2 = -g. Let c = 90 - r. Let n = 6 - -12. Calculate the remainder when c is divided by n.
17
Let t be (168/32)/((-2)/16). Let d = 80 + t. What is the remainder when d is divided by 10?
8
Let l(n) = n**3 + 5*n**2 - n. Let v be l(-5). Suppose -2 + 27 = -5*s, 0 = v*d - 5*s - 35. What is the remainder when 2 is divided by d?
0
Calculate the remainder when 27 is divided by 28/2 + 2 + -1.
12
Suppose 2*p = -16 + 104. Let n = -3 - -8. Let y(d) = 2*d + 5. What is the remainder when p is divided by y(n)?
14
Suppose -2*a = -5*g - 55, 2*g - g + 67 = 2*a. Suppose -2*o + 4*l = -8 - 8, 4*l + 40 = 4*o. What is the remainder when a is divided by o?
11
Suppose -5*m + 10 = -0*m. What is the remainder when 22 is divided by m/(-1) - 0 - -10?
6
Suppose -4*j - 4 = -5*j. Suppose 4*b = j*i, -i - i - 5 = -3*b. Let m = 17 - 13. What is the remainder when b is divided by m?
1
Let v be 78*(-1)/6*3. Let d = -7 + -13. Let k = d - v. What is the remainder when k is divided by 7?
5
Let s = 57 - 11. Suppose 48 = -0*n + 4*n. What is the remainder when s is divided by n?
10
Suppose -4*q = -3*v + 34, 0*v - 16 = -4*v - 2*q. What is the remainder when 9 is divided by v?
3
Let c(r) = r**2 - r + 1. Let n(t) = t**2 + 9*t + 1. Let v(i) = -2*c(i) + n(i). What is the remainder when v(9) is divided by 5?
2
Suppose -2*v = 16 + 8. Let o = 40 - v. What is the remainder when o is divided by 18?
16
What is the remainder when 97 is divided by 1*75/6*2?
22
Let a be 2*((-53)/(-2) + -2). Suppose 17 = q - a. Calculate the remainder when q is divided by 17.
15
Let t = 56 + -36. Suppose 4*x - 17 - 11 = 0. Calculate the remainder when t is divided by x.
6
Let p = -17 + 40. Let w = p - 10. Calculate the remainder when 24 is divided by w.
11
Let r be 1*(-2 - -5 - -1). Suppose -r*j + 36 = -0*j. Suppose 0 = 5*n + 3*d - 105, 38 + 20 = 2*n - 2*d. What is the remainder when n is divided by j?
6
Let a = -25 + 61. Let f = -26 + a. What is the remainder when 38 is divided by f?
8
Let s(c) = c**3 - 2*c**2 - 6*c. Let k be s(5). Suppose 0 = -0*f - 3*f + k. Suppose 0*u + 4*u = 112. Calculate the remainder when u is divided by f.
13
Suppose -3*j = -2*j - 58. Let q = -11 - -23. Calculate the remainder when j is divided by q.
10
What is the remainder when (-84)/140 + (-1226)/(-10) is divided by 25?
22
Let j be (-174)/(-4) - 3/2. Suppose -3*o - l + 10 + j = 0, 37 = 3*o + 4*l. What is the remainder when o is divided by 1/(-2)*2 + 8?
5
Let m = 11 - 8. Suppose 0 = 4*f - f - x - 19, -5*x = -f - m. What is the remainder when -1*(-26)/(-4)*-2 is divided by f?
6
Let z be (-6)/9 - (-33)/9. Suppose -2*m - g + 31 = m, -4*m - z*g = -43. What is the remainder when 39 is divided by m?
9
Let d(a) = 2*a + 19. Let u(t) = t + 13. Let p(o) = -5*d(o) + 8*u(o). Let j be -1*(3 + 4) - 1. What is the remainder when p(j) is divided by 14?
11
Calculate the remainder when 383/7 + -1*4/(-14) is divided by 15.
10
Suppose -217 = -11*s + 4*s. What is the remainder when s is divided by 8?
7
Suppose 0*u + 4*u + 144 = 0. Let n = -7 - u. What is the remainder when n is divided by (-1)/((-2)/(-3))*-10?
14
Suppose 3*y = 6*y - 189. What is the remainder when y is divided by 22?
19
Let h = -9 - -14. What is the remainder when 7 is divided by h?
2
Let z = -3 - -6. Let q be 74/6 + (-2)/6. Suppose -z*t = t - q. What is the remainder when 6 is divided by t?
0
Suppose z - 7 = 4*j, 0 = 4*z - 5*z + 5*j + 4. Suppose -z - 2 = -g - 5*l, 5*g = -4*l + 189. Calculate the remainder when g is divided by 14.
13
Suppose -4*t + 175 = 5*g, -2*g = 6*t - 2*t - 190. Calculate the remainder when t is divided by 26.
24
Suppose -f + 2*f - 25 = i, 5*i = 3*f - 69. Let w(t) = t**2 + 4*t + 6. What is the remainder when (-9)/(-21) + 464/f is divided by w(-4)?
5
Let b(t) = -12*t - 15. What is the remainder when 62 is divided by b(-3)?
20
Let b be 8/(-28) + (-108)/14. Let r = 5 + b. What is the remainder when 19 is divided by ((-10)/(-2))/(r/(-6))?
9
Suppose -4*q = -2*q - 6. Suppose k - 5*k + 2*p + 206 = 0, -4*k + 201 = q*p. Calculate the remainder when 6 is divided by 1/(-4) + k/12.
2
Let p = 30 + -15. Calculate the remainder when 57 is divided by p.
12
Let j(g) = -g**2 - 6*g + 1. Let p be j(-5). Calculate the remainder when 31 is divided by (-2)/3*(-99)/p.
9
Let p = -20 + 41. Suppose -4*a = -43 - 205. What is the remainder when a is divided by p?
20
What is the remainder when 187 is divided by 2/(2 + (-10)/4) + 51?
46
Let h(l) = 20*l - 39. Suppose 6*r = r - 85. Let u(w) = -7*w + 13. Let f(d) = r*u(d) - 6*h(d). Calculate the remainder when 20 is divided by f(6).
6
Let y(j) = j**3 - 8*j**2 + 8*j - 2. Calculate the remainder when 12 is divided by y(7).
2
Let u(c) = -c**3 + 2*c**2 - c. Suppose -3*z + 40 = -9*l + 4*l, -5*l = 4*z + 5. Let a = z - 7. What is the remainder when 52 is divided by u(a)?
16
Let r(a) = a**2 - a - 7. Let j be r(0). Let z = j + 13. What is the remainder when 41 is divided by (-2)/(-1) + z*2?
13
Let s = -54 + 70. What is the remainder when 111 is divided by s?
15
Suppose t + 59 = 2*t - 3*c, -124 = -2*t + 3*c. Calculate the remainder when t is divided by 68*7/42*6/4.
14
Suppose 3*j + 4*r = 33 + 98, -5*j = 2*r - 209. Calculate the remainder when j is divided by 7.
6
Let h(l) = -l**2 - 2*l + 8. Let x be h(-7). What is the remainder when (-4)/18 + (-330)/x is divided by 7?
5
Suppose 0 = -3*z + 3*p - p + 35, -2*z + 20 = -3*p. Let x(a) = a - 2. Calculate the remainder when z is divided by x(10).
5
What is the remainder when 14 is divided by (-1 - 18/3)*(-1 + 0)?
0
Let s(n) = -n - 1. Let z be s(-1). Suppose z*q - 3*q + 12 = 0. Suppose 0 = -2*v - 4*f, 7*f = -q*v + 2*f + 6. Calculate the remainder when v is divided by 2.
0
Let f = -64 + 112. What is the remainder when f is divided by 10?
8
Let p = 143 + -131. Let a = -43 - -88. What is the remainder when a is divided by p?
9
Let f be 0 + 0 - 0/5. Let a = 5 + f. Calculate the remainder when a is divided by 4.
1
Suppose -a = 2*h + 2*a - 87, h + a = 44. Suppose -2*n = -r + 24, -4*r + 6*r = 3*n + h. What is the remainder when 52 is divided by r?
16
Let b(o) = o**2 - 3. Let a(s) = s**3 - s**2 - 9*s + 12. Calculate the remainder when a(4) is divided by b(4).
11
Suppose 0 = -4*s - v + 43, -4*s + 31 = -v - 22. Calculate the remain